when 6524522 is divided by 106958.
84
Calculate the remainder when 441312 is divided by 73.
27
Calculate the remainder when 346086 is divided by 1261.
572
Calculate the remainder when 65762762 is divided by 7306970.
32
What is the remainder when 3809466 is divided by 1904732?
2
Calculate the remainder when 60273 is divided by 2337.
1848
Calculate the remainder when 906266 is divided by 11465.
531
Calculate the remainder when 130575 is divided by 2967.
27
What is the remainder when 121910707 is divided by 3218?
3213
What is the remainder when 2075343 is divided by 172?
163
What is the remainder when 276852 is divided by 14564?
136
Calculate the remainder when 8462303 is divided by 96.
95
Calculate the remainder when 248056 is divided by 124028.
0
Calculate the remainder when 1062037 is divided by 11.
9
Calculate the remainder when 239293167 is divided by 483.
477
What is the remainder when 208627881 is divided by 3391?
3388
What is the remainder when 6836634 is divided by 1299?
1296
What is the remainder when 442221 is divided by 34016?
13
Calculate the remainder when 1309308 is divided by 52372.
8
What is the remainder when 116972 is divided by 3019?
2250
Calculate the remainder when 13039517 is divided by 4619.
80
Calculate the remainder when 13886894 is divided by 33.
32
What is the remainder when 16225 is divided by 816?
721
What is the remainder when 64454 is divided by 8932?
1930
What is the remainder when 424798 is divided by 38481?
1507
Calculate the remainder when 1036862 is divided by 47129.
24
Calculate the remainder when 36459 is divided by 1306.
1197
Calculate the remainder when 176955844 is divided by 587.
585
Calculate the remainder when 721428 is divided by 222.
150
Calculate the remainder when 4597799 is divided by 6914.
6903
What is the remainder when 202141 is divided by 26?
17
Calculate the remainder when 489997 is divided by 69980.
137
What is the remainder when 215384 is divided by 107690?
4
Calculate the remainder when 2326341032 is divided by 15149.
15145
Calculate the remainder when 745106 is divided by 53.
32
What is the remainder when 523315 is divided by 74755?
30
What is the remainder when 390910 is divided by 389980?
930
Calculate the remainder when 359760 is divided by 119251.
2007
Calculate the remainder when 112526568 is divided by 1363.
14
Calculate the remainder when 88113048 is divided by 169.
166
Calculate the remainder when 399689 is divided by 132877.
1058
Calculate the remainder when 2487237 is divided by 829078.
3
What is the remainder when 5815438 is divided by 1619?
1609
What is the remainder when 462541 is divided by 1096?
29
What is the remainder when 36838 is divided by 36230?
608
What is the remainder when 63970 is divided by 4912?
114
What is the remainder when 300068 is divided by 3531?
3464
Calculate the remainder when 201409 is divided by 49834.
2073
Calculate the remainder when 97863063 is divided by 159.
153
What is the remainder when 482875 is divided by 2610?
25
Calculate the remainder when 1478338 is divided by 741.
43
What is the remainder when 508553 is divided by 508498?
55
Calculate the remainder when 1845962 is divided by 126.
62
What is the remainder when 650343 is divided by 81285?
63
Calculate the remainder when 107616 is divided by 21509.
71
What is the remainder when 11847100 is divided by 189?
13
Calculate the remainder when 16616772 is divided by 20823.
18
Calculate the remainder when 1658594 is divided by 393.
134
What is the remainder when 316551 is divided by 1514?
125
Calculate the remainder when 19167184 is divided by 10136.
8
What is the remainder when 1623591 is divided by 865?
851
Calculate the remainder when 540022 is divided by 389.
90
What is the remainder when 322836703 is divided by 183?
181
Calculate the remainder when 10756510 is divided by 3623.
3446
What is the remainder when 4480083 is divided by 728?
699
What is the remainder when 446892 is divided by 457?
403
What is the remainder when 562029 is divided by 1618?
583
Calculate the remainder when 15634211 is divided by 236.
155
Calculate the remainder when 28217284 is divided by 5.
4
What is the remainder when 130086 is divided by 8082?
774
What is the remainder when 374030 is divided by 26706?
146
Calculate the remainder when 121457 is divided by 85.
77
Calculate the remainder when 189453238 is divided by 72.
70
What is the remainder when 12951486 is divided by 205?
201
What is the remainder when 14098770 is divided by 132?
114
Calculate the remainder when 7663192 is divided by 1843.
1841
What is the remainder when 1323182 is divided by 661584?
14
Calculate the remainder when 10057797 is divided by 10757.
2
What is the remainder when 65382 is divided by 63062?
2320
What is the remainder when 125005243 is divided by 16?
11
Calculate the remainder when 3624351 is divided by 9.
6
Calculate the remainder when 4930185 is divided by 1013.
927
Calculate the remainder when 7515533 is divided by 2505172.
17
What is the remainder when 578723 is divided by 96449?
29
What is the remainder when 117961 is divided by 37499?
5464
What is the remainder when 11582985 is divided by 643499?
3
What is the remainder when 1562852 is divided by 137?
93
What is the remainder when 430976 is divided by 588?
560
Calculate the remainder when 162390 is divided by 52.
46
What is the remainder when 13813124 is divided by 1415?
1309
Calculate the remainder when 178357 is divided by 236.
177
What is the remainder when 64780 is divided by 2939?
122
Calculate the remainder when 122369973 is divided by 5484.
5481
What is the remainder when 295994 is divided by 295876?
118
Calculate the remainder when 3305572 is divided by 336.
4
What is the remainder when 61359 is divided by 17?
6
Calculate the remainder when 905355 is divided by 562.
535
What is the remainder when 4992076 is divided by 91?
89
What is the remainder when 185612 is divided by 8?
4
Calculate the remainder when 42627879 is divided by 4736431.
0
Calculate the remainder when 188082 is divided by 5083.
11
Calculate the remainder when 1430428 is divided by 715201.
26
Calculate the remainder when 9695 is divided by 5155.
4540
What is the remainder when 9505756 is divided by 591?
112
Calculate the remainder when 3710792 is divided by 4928.
8
Calculate the remainder when 343412634 is divided by 28.
26
What is the remainder when 13701638 is divided by 75699?
119
What is the remainder when 2756826 is divided by 860?
526
Calculate the remainder when 47766 is divided by 47766.
0
What is the remainder when 235825 is divided by 231091?
4734
What is the remainder when 234836 is divided by 16766?
112
What is the remainder when 2024077 is divided by 37?
29
Calculate the remainder when 3500537 is divided by 388941.
68
Calculate the remainder when 82777758 is divided by 23.
22
What is the remainder when 1176127 is divided by 349?
346
Calculate the remainder when 497254 is divided by 106.
8
What is the remainder when 1982161 is divided by 198216?
1
What is the remainder when 1926614 is divided by 271?
75
Calculate the remainder when 9552189 is divided by 48.
45
Calculate the remainder when 4171989 is divided by 1490.
1479
What is the remainder when 84660 is divided by 538?
194
What is the remainder when 6166342 is divided by 2055445?
7
What is the remainder when 73279821 is divided by 73?
12
What is the remainder when 4613772 is divided by 16?
12
Calculate the remainder when 431053 is divided by 1225.
1078
Calculate the remainder when 4416384 is divided by 1279.
1276
What is the remainder when 20714013 is divided by 24?
21
Calculate the remainder when 534221 is divided by 15651.
2087
What is the remainder when 1892485 is divided by 118280?
5
What is the remainder when 393668 is divided by 196825?
18
What is the remainder when 1243906 is divided by 155487?
10
Calculate the remainder when 114225 is divided by 1874.
1785
What is the remainder when 898807 is divided by 39078?
13
Calculate the remainder when 16901 is divided by 7885.
1131
What is the remainder when 6006277 is divided by 2023?
2013
Calculate the remainder when 151657 is divided by 9474.
73
What is the remainder when 1534847 is divided by 39355?
2
Calculate the remainder when 4776780 is divided by 169.
164
What is the remainder when 609